sor of 227946834 and 15780.
1578
What is the greatest common factor of 132506 and 103284940?
6974
Calculate the highest common factor of 613315 and 190.
5
What is the highest common divisor of 14222 and 1344148?
26
Calculate the greatest common divisor of 4641528 and 5088.
1272
What is the highest common divisor of 655369 and 6292?
143
Calculate the highest common factor of 630 and 3580890.
30
Calculate the highest common factor of 7235196 and 20100.
804
What is the greatest common divisor of 621 and 78522?
69
What is the greatest common factor of 10800816 and 1368?
456
What is the greatest common factor of 556240738 and 158?
158
Calculate the highest common factor of 2027762 and 55022.
1342
What is the highest common factor of 33 and 528712437?
33
What is the greatest common factor of 3523768 and 20?
4
What is the greatest common factor of 12733 and 1002162?
749
Calculate the greatest common divisor of 2183 and 9337163.
59
What is the greatest common divisor of 30077623 and 2075?
83
Calculate the highest common factor of 331942876 and 71204.
10172
What is the highest common factor of 463904 and 1962?
218
What is the highest common divisor of 58 and 1826827073?
29
What is the greatest common factor of 1997027 and 870?
29
Calculate the highest common factor of 56237831 and 13.
13
Calculate the highest common factor of 696634 and 470.
94
What is the highest common divisor of 52468 and 77636?
52
What is the highest common divisor of 88299540 and 441?
63
What is the highest common divisor of 1539350 and 320?
10
What is the greatest common factor of 59047272 and 216?
216
Calculate the highest common divisor of 23400 and 15721875.
2925
Calculate the highest common divisor of 581 and 350841.
83
What is the greatest common factor of 136 and 19016676?
68
Calculate the highest common divisor of 6979868 and 4.
4
Calculate the highest common divisor of 598 and 6253654.
46
Calculate the greatest common divisor of 295372 and 127974.
154
What is the highest common divisor of 875 and 2868450?
25
Calculate the highest common divisor of 19 and 31416709.
19
What is the greatest common factor of 111200 and 17396128?
4448
What is the greatest common divisor of 1935 and 90302967?
387
Calculate the highest common factor of 74 and 79039474.
74
Calculate the highest common divisor of 336 and 4992848.
112
What is the greatest common factor of 996 and 647484?
12
Calculate the greatest common factor of 3522 and 4015667.
587
What is the highest common factor of 137950 and 55650?
50
Calculate the greatest common factor of 2118196 and 239324.
3572
What is the highest common divisor of 172719 and 6453?
27
What is the greatest common divisor of 8772 and 81827796?
516
Calculate the greatest common divisor of 21945 and 80.
5
What is the greatest common divisor of 1535797 and 1891?
61
What is the highest common divisor of 5004 and 30276?
36
What is the greatest common factor of 1036891 and 9983?
149
What is the greatest common divisor of 19525905 and 18?
9
Calculate the highest common divisor of 11913 and 30153.
57
What is the highest common divisor of 66908 and 108532?
172
What is the greatest common divisor of 32 and 69598672?
16
What is the greatest common factor of 105796724 and 66?
22
Calculate the greatest common factor of 135 and 23494968.
27
What is the greatest common divisor of 445716828 and 90?
18
Calculate the highest common factor of 91439 and 530646.
1499
Calculate the highest common factor of 55456 and 928.
32
Calculate the greatest common factor of 1853 and 1041029.
17
Calculate the greatest common divisor of 69 and 4691657967.
69
What is the greatest common factor of 5573526 and 3144?
786
Calculate the highest common divisor of 490 and 1349264.
98
What is the greatest common divisor of 39525 and 580125?
1275
What is the greatest common divisor of 1910338 and 23150?
926
What is the highest common divisor of 1829 and 8530921?
31
Calculate the highest common divisor of 13769416 and 4152.
1384
Calculate the greatest common factor of 36964275 and 925.
25
What is the highest common divisor of 43707 and 244698?
51
Calculate the highest common divisor of 12244356 and 108.
36
What is the greatest common divisor of 563096882 and 4047?
1349
Calculate the greatest common factor of 694976 and 2912.
32
Calculate the greatest common factor of 343607 and 429.
11
Calculate the greatest common factor of 759527 and 126485.
617
Calculate the greatest common divisor of 26837 and 376.
47
Calculate the highest common divisor of 33068056 and 304.
152
Calculate the greatest common divisor of 13883295 and 45.
15
What is the greatest common divisor of 656691 and 10374?
21
What is the greatest common factor of 9844049 and 913?
83
What is the highest common divisor of 1881 and 2435477?
209
Calculate the highest common factor of 255341 and 12110049.
2869
What is the highest common factor of 15491 and 52367?
7
Calculate the highest common factor of 2067212 and 2150316.
10388
Calculate the greatest common divisor of 5805910 and 1927.
47
What is the highest common factor of 293109 and 131065?
2383
Calculate the greatest common divisor of 208 and 24455944.
8
Calculate the highest common factor of 193578 and 10219.
11
Calculate the greatest common factor of 1014 and 582819484.
338
What is the greatest common divisor of 1370 and 23014356?
274
Calculate the highest common factor of 6381841 and 43273.
109
Calculate the greatest common factor of 807193473 and 114.
57
What is the greatest common divisor of 1094062 and 4395?
293
What is the greatest common divisor of 362291608 and 1714?
1714
Calculate the greatest common divisor of 94409380 and 6370.
130
What is the highest common divisor of 35154 and 105753276?
5022
What is the greatest common factor of 838574 and 287094?
1622
What is the highest common divisor of 514792 and 134880?
2248
Calculate the greatest common factor of 38494 and 778658.
38
Calculate the greatest common factor of 202741001 and 11343.
3781
What is the greatest common factor of 382132 and 2235242?
2302
Calculate the highest common divisor of 1060 and 525880.
20
What is the highest common divisor of 604725 and 117150?
825
What is the greatest common divisor of 5793 and 15933?
3
Calculate the highest common divisor of 1984875 and 1265027.
5293
Calculate the greatest common divisor of 451683 and 224653741.
16729
What is the highest common factor of 96707 and 11453?
13
What is the highest common divisor of 252959 and 2065?
7
Calculate the greatest common divisor of 29136708 and 180.
36
What is the highest common factor of 18 and 38798388?
18
What is the highest common divisor of 1426 and 2300138?
1426
What is the greatest common divisor of 1296834 and 868566?
2406
What is the highest common factor of 449 and 2398558?
449
Calculate the highest common divisor of 2779 and 27.
1
What is the greatest common factor of 88 and 4023514?
22
What is the greatest common divisor of 566381 and 6331?
487
Calculate the greatest common divisor of 62 and 1205053049.
31
What is the highest common divisor of 1828 and 15852873?
457
Calculate the highest common factor of 165604 and 444.
4
Calculate the greatest common divisor of 394 and 25668115.
197
Calculate the highest common divisor of 2728 and 30440.
8
What is the highest common factor of 7158445 and 26775?
595
What is the highest common factor of 2903505 and 1215?
15
Calculate the greatest common factor of 43831 and 880755.
827
Calculate the highest common divisor of 225833678 and 4816.
602
Calculate the greatest common factor of 15597610 and 280.
70
What is the greatest common divisor of 1368 and 132946857?
171
Calculate the greatest common factor of 8720715 and 615.
15
Calculate the greatest common factor of 2808920 and 1280.
40
What is the greatest common divisor of 1717 and 627691?
17
Calculate the highest common divisor of 1805 and 50428907.
19
Calculate the highest common factor of 3134268 and 100.
4
What is the greatest common factor of 115641630 and 3250?
130
What is the highest common divisor of 104835865 and 4910?
2455
What is the highest common factor of 5687 and 10401039?
121
What is the highest common factor of 2271 and 2264659368?
2271
What is the highest common divisor of 42362829 and 3966?
1983
What is the greatest common diviso